is s(f)?
5
Let x(k) = k + 1. Let b(g) = -4*g**2 + 5*g + 5. Let r(o) = b(o) - 6*x(o). Determine r(-1).
-4
Suppose j - 2 = 1. Suppose -j*s + 2*s + 4 = 0. Let o(z) = -z**2 + 2*z + 3. Determine o(s).
-5
Let w(v) = v - 4. Let y be w(7). Suppose 2*u + 2 = y*u. Let p(t) = -5*t**u + t**3 + 1 - 1. Give p(5).
0
Let l(b) = -b**3 - 5*b**2 + 5*b - 3. Let z be 10/(-2)*14/(-5). Suppose -a - 13 = 2*r, -3*r - 6*a = -10*a + z. Calculate l(r).
3
Let z = 0 - -11. Let d = -7 + z. Let t be 2 - (d*-1 + 3). Let u(o) = -o**2 - o. Determine u(t).
-12
Let c(t) = t**3 + 3*t**2 - t - 3. Let w be c(-3). Let u(z) = 7*z + w*z - z. Give u(-1).
-6
Let o(r) = 0*r**3 - r**3 - 1 + 0. Let z(d) = d**2 + 2*d + 4. Let a be 15/(-6)*-2 + -2. Let q(b) = a*o(b) + z(b). Determine q(-1).
3
Let q(j) = -2*j**3 - 2*j**2 + 3*j + 3. Suppose 4*p = -5 - 7. Let t(d) = -d**3 - 4*d**2 - 4*d - 2. Let u be t(-3). Let m = p + u. Give q(m).
5
Let v be 60/25 - (-4)/(-10). Suppose 0 = -3*b - v*h + 3*h + 11, 2*b - 14 = 2*h. Let i(m) = 2*m + 3 - 4*m - m. Calculate i(b).
-3
Let f(j) = 8*j**2 - 1. Let r be (5 - 1)*(5 + -3). Let t be (-15)/(-20) - (-2)/r. Calculate f(t).
7
Let f = 7 - 3. Let a = f - 1. Let z(w) = -2*w + a + 1 - 2 + w. Determine z(-3).
5
Suppose -f - 5 = -k, 0 = -2*f + 4*f - k + 9. Let w(n) = 5 - 2*n + 7*n + n - 9*n - 3*n**2. Let i(c) = c**2 - 1. Let z(x) = 2*i(x) + w(x). Give z(f).
-1
Let j(x) = -x**3 + x**2 + x + 1. Let l be j(2). Let u be 22/(-4) - l/2. Let y(b) = 3*b + 5. Calculate y(u).
-10
Let v(d) be the first derivative of 2*d - 1/2*d**2 - 3. Suppose 2*x + 9 = -4*c - 3*x, 0 = 5*c - 4*x - 40. Determine v(c).
-2
Suppose 24 = 4*o + 2*u, -2*u - 8 = -3*o - u. Let f(w) = -2*w + 4. Give f(o).
-4
Let u = 21 - 9. Suppose 0*q - 3*q = u. Let c(z) = -z**2 - 7*z - 6. What is c(q)?
6
Let f(y) = y + 1. Let g(w) = w**3 - 5*w**2 - 6*w + 6. Let j be g(6). Suppose -5*b - j = -31. What is f(b)?
6
Let r(j) = 0*j + j + 4 - 5 + 0*j. What is r(4)?
3
Let w(s) = -2*s - 10. Let g be w(-7). Let o(c) = -3*c + g*c + 2*c + 3*c. Give o(1).
6
Let j(r) be the second derivative of r**3/2 - r**2/2 - r. Determine j(-1).
-4
Let s(q) = -9*q + 1. Let a(o) = o - 1. Let w(n) = 2*a(n) + s(n). What is w(-1)?
6
Let p(i) = -8*i + 9 + 7*i + 0*i. What is p(0)?
9
Let u(x) = x**3 - 4*x**2 - 4*x. Let t(s) = s**2 + s + 1. Let r(q) = 2*t(q) + u(q). Calculate r(3).
5
Let j(c) be the first derivative of -c**3/3 + c**2 + 2*c + 2. Let g be j(4). Let p be ((-2)/(g/3))/1. Let x(w) = 11*w**3 - 2*w**2 + 1. Calculate x(p).
10
Let i(w) = w**3 - w**2 - w + 6. Let j = 8 + -12. Let m(p) = -p**2 - 4*p. Let n be m(j). Give i(n).
6
Let j(h) be the second derivative of -h**4/12 + 2*h**3/3 + h**2/2 - h. Let q be -3 + (3 + -1)/1. Let k be 1 - 1/(q + 0). Calculate j(k).
5
Let j(b) = 4*b + 40. Let w be j(-9). Let n(v) = -v**3 + 5*v**2 - 2*v + 3. Determine n(w).
11
Let w(l) = 1 + 0*l**3 + 0*l + l**3 - 2*l + l. Let r(t) = 7*t**3 + 4*t**2 - 13*t + 6. Let m(n) = -r(n) + 6*w(n). What is m(-5)?
-10
Let c be (-76)/20 - (-2)/(-10). Let n(f) = -f. Determine n(c).
4
Let p(u) be the first derivative of -u**4/4 + 5*u**3/3 + 5*u**2/2 + 8*u + 10. Determine p(6).
2
Suppose -2 = 5*q + p, 2*q = 2*p + 3*p - 17. Let l(a) be the second derivative of -3/20*a**5 + 0 - 1/6*a**3 + 0*a**2 + 4*a - 1/12*a**4. What is l(q)?
3
Let m be 1*(-2 + 1)*-15. Suppose -6*z + 3*z + m = 0. Let j(b) = 8*b - 7. Let i(l) = 4*l - 3. Let y(s) = z*i(s) - 2*j(s). Give y(-1).
-5
Let a(c) be the third derivative of 0 - 1/60*c**5 + 1/24*c**4 - c**2 + 0*c**3 + 0*c. Suppose 4*v - 5*u + 17 = 0, 4*u - 12 = 2*v + 2*v. Determine a(v).
-2
Let i(n) = n**3 + 7*n**2 + 7*n + 4. Let w be i(-6). Let d(t) = 0*t - 2*t**2 - 3 - 5*t + t. Let f be d(w). Let p(l) = -2*l - 1. Calculate p(f).
5
Let a(c) = c**3 + 7*c**2 + c + 4. Let d be a(-7). Let m(f) be the first derivative of 1/3*f**3 + 5/2*f**2 - 3 - f. Calculate m(d).
-7
Suppose 3*a + 2 = 14. Suppose 2*u + 10 = z, 10 = -a*z - u - u. Suppose z = -5*m - 0*m. Let s(d) = -d - 7. Determine s(m).
-7
Let y(m) = m**3 - 6*m**2 + 5*m - 2. Let h = 11 - 9. Suppose -h*n - 4 = -3*n. Give y(n).
-14
Let l(f) = 3*f + 5. Let t(v) = 5*v + 9. Let m(h) = -7*l(h) + 4*t(h). Determine m(6).
-5
Let d(q) = -q + 1. Let t be d(-3). Let o(r) be the second derivative of -3/2*r**2 + r + 0 - 1/3*r**3 + 5/12*r**4 - 1/20*r**5. Give o(t).
5
Let j(k) = k**2 - 16*k - 15. Let v be j(17). Let g(x) = -x**2 + 3*x - 1. Determine g(v).
1
Suppose 3*s + 0 + 6 = 3*v, -5*s = v - 14. Let n(g) = 4*g - 3 - 3*g + 3 - g**s. Suppose -4*a + 3 = -1. Calculate n(a).
0
Suppose -3*q = 9 - 21. Suppose -2*x + 4*x = 0. Let h(k) = x*k + 2*k**2 - 3*k - 4 - 2*k. Give h(q).
8
Suppose -3*r = -f + 2*f - 14, -r - 4*f = -23. Let i(s) = s**3 - 3*s**2 - 2. Let y be i(r). Let w(n) = -2*n**2 - n. Calculate w(y).
-6
Suppose 0 = -6*t + 4*t. Let x(s) = -6*s**3 + 6*s**2 + s + 6. Let w(k) = -5*k**3 + 5*k**2 + k + 6. Let f(l) = 5*w(l) - 4*x(l). Calculate f(t).
6
Let q(s) be the first derivative of -s**2/2 - 3*s + 37. Calculate q(-3).
0
Let h be 2 + 2 + 0/2. Let i(d) = -2*d + 3*d**2 + h*d**2 + 2 + d**3 + d + 2*d. Let z be i(-7). Let f(b) = b + 8. Determine f(z).
3
Let x(o) be the second derivative of o**6/180 - o**5/120 + o**4/24 - 2*o**3/3 - 4*o. Let p(v) be the second derivative of x(v). Give p(2).
7
Let v(d) be the second derivative of -d**5/20 - d**4/6 - d**3/2 - d**2/2 + 2*d. What is v(-2)?
5
Suppose 7*k - 13 = 2*k - 3*d, 3*k = -d + 7. Let y(m) = 9*m**k + 7*m - 5 + 0*m - 10*m**2. Determine y(6).
1
Let j(y) = -3*y**3 + 25*y**2 + 18*y - 9. Let b(h) = -2*h**3 + 17*h**2 + 12*h - 6. Let p(f) = -7*b(f) + 5*j(f). Calculate p(7).
-10
Let v(a) = -4*a**2 - 2*a. Let k(b) = -b**3 + 4*b**2 + 12*b + 2. Let m be k(6). Determine v(m).
-20
Let c = 3 - -5. Let q(h) = 2 - h - c + 2*h. What is q(6)?
0
Let z(h) = 2*h + 1. Let c be z(2). Let k(n) = -n**2 + 4*n - 4*n - 2 + 2*n**2 - 5*n. Determine k(c).
-2
Let z(p) be the second derivative of p**3/3 + 3*p**2 + 3*p. Let b be z(-4). Let f(t) = -3*t**2 - 2*t + 2. What is f(b)?
-6
Let d(x) = -4*x**3 + 2*x**2 - 1. Suppose -5*u = 0, 2*q = -u - 4*u - 14. Let h = q - -6. What is d(h)?
5
Let p(r) = -39 + 4*r**2 - 41 + 79 + 2*r. What is p(1)?
5
Let h(o) be the third derivative of o**4/24 + 4*o**3/3 + o**2. Suppose -4*j - 13 = 11. Let u be h(j). Let t(v) = 5*v - 3. What is t(u)?
7
Let s(b) = -5*b - 7. Let f(g) = -g - 1. Suppose 0 = -3*q - q - 4. Let n(h) = q*s(h) + 4*f(h). Calculate n(-2).
1
Let p(x) be the first derivative of x**3/3 - 7*x**2/2 + 4*x - 5. Calculate p(5).
-6
Let h(w) be the second derivative of -w**8/6720 + w**7/420 - w**6/720 + w**5/120 + w**4/12 - 3*w. Let d(u) be the third derivative of h(u). Give d(6).
-5
Let d(n) = -7*n + 3. Let z(k) = k**3 + 6*k**2 + 5*k + 1. Let w be z(-5). Suppose 4*x = w + 7. What is d(x)?
-11
Let p(j) be the third derivative of -j**5/12 - j**4/24 - j**3/6 - 25*j**2. What is p(-2)?
-19
Let q(m) = -m. Let l = 12 - 14. Let t be q(l). Let r(n) = -n**3 + 7*n**2 + 3*n - 4. Let s(a) = a**2 + a - 1. Let z(g) = r(g) - 5*s(g). Give z(t).
-3
Let b(r) = -r - 7. Suppose 0 = 5*k - l - 31, -l = 2*k - 17 + 6. Suppose -4*h + 5*s = -20, 2 = s + k. Calculate b(h).
-7
Let a(u) be the first derivative of -5*u**4/12 + u**3/6 - u**2/2 + 10*u + 4. Let o(m) be the first derivative of a(m). What is o(1)?
-5
Let l(s) = 3*s**3 + 6*s**2 + 6*s - 1. Let x(k) = 7*k**3 + 12*k**2 + 12*k - 1. Let o(z) = -5*l(z) + 2*x(z). What is o(-5)?
8
Let p(o) be the first derivative of -o**6/120 - o**5/20 - o**4/6 - o**3/3 - 2*o**2 + 2. Let r(k) be the second derivative of p(k). What is r(-2)?
2
Let y(j) = -j**2 + 4*j - 6. Let w be y(3). Let t(h) = -h**2 + 2. Determine t(w).
-7
Let r(v) be the third derivative of v**6/120 + v**5/15 + v**4/24 - v**3/2 + v**2. Let b(p) = -p**2 - 8*p - 6. Let k be b(-5). Let z = 6 - k. Determine r(z).
3
Let a(q) = q**3 - 5*q**2 + 4*q + 1. Suppose -58 - 56 = 6*h. Let d = 22 + h. Calculate a(d).
-5
Suppose 2*f - 8 = 4*f. Let z = 3 + f. Let d = 5 + z. Let y(p) = p**2 - 3*p - 3. What is y(d)?
1
Suppose -8*u - 32 - 24 = 0. Let s(g) = -g - 6. What is s(u)?
1
Let l(q) = 3*q + 2. Let m = -16 + 12. What is l(m)?
-10
Let h(y) = y**3 + y**2 - y - 2. Suppose g + 1 = -2*z, -4*z + 7 = -3*z + 3*g. Determine h(z).
-4
Let g be 45/2 - 3/(-2). Let m(s) = 2 - 2*s + 0*s - s + g*s**3 - 22*s**3 - 2*s**2. What is m(2)?
4
Let